le of 8?
True
Is 46 a factor of 33195?
False
Does 58 divide 3338422?
True
Is 889350 a multiple of 75?
True
Is 18 a factor of 352728?
True
Does 86 divide 37410?
True
Does 55 divide 514770?
False
Is 14 a factor of 761495?
False
Does 13 divide 5665266?
False
Is 971950 a multiple of 3?
False
Does 9 divide 855138?
False
Is 6248847 a multiple of 9?
False
Is 5629961 a multiple of 7?
False
Is 10407672 a multiple of 18?
True
Does 225 divide 1545975?
True
Does 15 divide 1386240?
True
Does 46 divide 19679137?
False
Is 1781153 a multiple of 11?
True
Does 404 divide 272744?
False
Is 891958 a multiple of 11?
False
Does 41 divide 379250?
True
Is 11 a factor of 261096?
True
Does 15 divide 2279598?
False
Does 34 divide 152055?
False
Is 25 a factor of 124358?
False
Is 89190 a multiple of 90?
True
Is 29 a factor of 19314?
True
Is 280 a factor of 8785840?
True
Is 11656 a multiple of 124?
True
Is 6 a factor of 14982?
True
Is 379308 a multiple of 12?
True
Does 76 divide 217056?
True
Is 2207250 a multiple of 9?
True
Is 107588 a multiple of 11?
False
Is 56 a factor of 231504?
True
Is 5 a factor of 71776?
False
Does 15 divide 676166?
False
Is 8569 a multiple of 19?
True
Is 204 a factor of 1405636?
False
Does 50 divide 1496000?
True
Is 454 a factor of 1004270?
False
Is 2052291 a multiple of 4?
False
Is 2674539 a multiple of 21?
True
Is 283378 a multiple of 9?
False
Is 176280 a multiple of 24?
True
Is 725 a factor of 693179?
False
Is 150 a factor of 1209508?
False
Is 935191 a multiple of 61?
True
Is 525986 a multiple of 11?
False
Does 214 divide 1210336?
False
Is 909943 a multiple of 133?
False
Is 230159 a multiple of 59?
True
Is 16193 a multiple of 65?
False
Is 4613801 a multiple of 633?
False
Is 13 a factor of 2357108?
True
Is 26390 a multiple of 41?
False
Is 289 a factor of 226287?
True
Does 6 divide 60455?
False
Does 26 divide 179424?
False
Does 271 divide 5059601?
False
Does 19 divide 368647?
False
Does 11 divide 6798?
True
Does 124 divide 6536412?
True
Is 11 a factor of 648653?
False
Is 138 a factor of 165129?
False
Does 110 divide 279620?
True
Is 11 a factor of 7194?
True
Is 1127490 a multiple of 218?
False
Is 463 a factor of 26511843?
True
Is 461606 a multiple of 17?
False
Is 31825 a multiple of 399?
False
Is 8 a factor of 8757?
False
Is 1122091 a multiple of 312?
False
Does 1849 divide 2062883?
False
Is 396 a factor of 10652930?
False
Is 16 a factor of 312917?
False
Does 50 divide 220950?
True
Is 7 a factor of 127162?
True
Does 38 divide 6557579?
False
Is 73 a factor of 14101?
False
Is 2865925 a multiple of 26?
False
Does 83 divide 17715371?
False
Is 197166 a multiple of 102?
True
Does 21 divide 991029?
False
Does 250 divide 5911250?
True
Is 8 a factor of 42128?
True
Does 14 divide 846398?
True
Is 330 a factor of 14472790?
False
Is 500 a factor of 187500?
True
Does 245 divide 13484800?
True
Does 110 divide 5470953?
False
Does 3 divide 44931?
True
Is 174 a factor of 887561?
False
Does 8 divide 859400?
True
Does 410 divide 7571999?
False
Is 29 a factor of 1192103?
True
Does 56 divide 6524224?
True
Is 299000 a multiple of 460?
True
Is 25828 a multiple of 43?
False
Is 7 a factor of 4817714?
False
Does 3 divide 142959?
True
Is 15 a factor of 308414?
False
Is 24 a factor of 3888768?
True
Is 1111838 a multiple of 41?
True
Does 23 divide 20166?
False
Is 148 a factor of 13663804?
True
Is 2384467 a multiple of 9?
False
Is 241 a factor of 153035?
True
Is 1097893 a multiple of 603?
False
Is 491101 a multiple of 9?
False
Is 8631 a multiple of 3?
True
Is 63 a factor of 19845?
True
Does 2 divide 327257?
False
Is 69672 a multiple of 125?
False
Is 1913607 a multiple of 49?
False
Is 521 a factor of 3826224?
True
Does 16 divide 8891104?
True
Is 26612 a multiple of 3?
False
Is 35 a factor of 177940?
True
Is 405 a factor of 3111964?
False
Is 406836 a multiple of 54?
True
Is 166 a factor of 13168780?
True
Does 4 divide 2305798?
False
Does 11 divide 4361984?
True
Is 1607130 a multiple of 15?
True
Does 6 divide 2179112?
False
Does 78 divide 1718106?
True
Is 1968527 a multiple of 11?
True
Is 1411351 a multiple of 14?
False
Is 59 a factor of 240307?
True
Is 13 a factor of 3017930?
False
Is 8415304 a multiple of 19?
False
Is 2320 a factor of 12911897?
False
Is 2667764 a multiple of 483?
False
Is 48 a factor of 5992464?
True
Is 15 a factor of 950730?
True
Does 96 divide 8049696?
True
Is 78 a factor of 3346902?
True
Is 123 a factor of 4715884?
False
Is 843 a factor of 510015?
True
Does 48 divide 227808?
True
Is 185 a factor of 139628?
False
Is 19 a factor of 461016?
True
Is 1423769 a multiple of 176?
False
Is 814047 a multiple of 169?
False
Does 414 divide 598445?
False
Is 993364 a multiple of 124?
True
Is 113 a factor of 17854?
True
Is 75544 a multiple of 7?
True
Does 42 divide 7324689?
False
Is 60 a factor of 11282097?
False
Is 3760876 a multiple of 476?
True
Is 188 a factor of 4401207?
False
Is 484 a factor of 732776?
True
Does 101 divide 2854967?
True
Is 4994175 a multiple of 155?
False
Is 483022 a multiple of 9?
False
Does 14 divide 12504978?
False
Does 840 divide 3577059?
False
Is 19 a factor of 89739?
False
Is 4030992 a multiple of 279?
True
Is 149400 a multiple of 100?
True
Does 12 divide 186300?
True
Is 106726 a multiple of 8?
False
Does 682 divide 2795545?
False
Is 648 a factor of 2111184?
True
Is 69 a factor of 3098583?
True
Is 19 a factor of 2011945?
False
Is 442378 a multiple of 67?
False
Does 150 divide 63664?
False
Is 16 a factor of 121584?
True
Is 16 a factor of 1185648?
True
Does 11 divide 2529912?
True
Is 21 a factor of 216453?
False
Is 782036 a multiple of 193?
True
Is 440347 a multiple of 5?
False
Is 185 a factor of 495985?
True
Is 511 a factor of 4112103?
False
Does 20 divide 13638966?
False
Is 408 a factor of 1881288?
True
Is 3082946 a multiple of 293?
True
Is 353 a factor of 178195?
False
Does 2 divide 87812?
True
Is 45 a factor of 59985?
True
Is 630432 a multiple of 8?
True
Is 1223854 a multiple of 48?
False
Is 4759228 a multiple of 212?
False
Does 77 divide 357744?
False
Is 3408623 a multiple of 347?
False
Is 67858 a multiple of 14?
True
Is 24389352 a multiple of 923?
True
Is 4191628 a multiple of 7?
True
Is 123 a factor of 30498?
False
Is 1075037 a multiple of 277?
True
Is 9 a factor of 2326230?
True
Is 113 a factor of 220248?
False
Is 777629 a multiple of 4?
False
Does 9 divide 3591083?
False
Does 8 divide 195076?
False
Does 59 divide 1533587?
True
Does 327 divide 618968?
False
Is 285566 a multiple of 362?
False
Is 292 a factor of 475413?
False
Does 145 divide 310913?
False
Does 7 divide 3511529?
True
Does 87 divide 135285?
True
Is 238 a factor of 544949?
False
Does 15 divide 2535285?
True
Is 111 a factor of 5150400?
True
Is 30 a factor of 156260?
False
Is 52263 a multiple of 10?
False
Is 70496 a multiple of 4?
True
Is 829244 a multiple of 39?
False
Does 16 divide 1190717?
False
Is 686895 a multiple of 55?
True
Is 62 a factor of 23656?
False
Is 6844 a multiple of 5?
False
Is 20 a factor of 54660?
True
Is 472440 a multiple of 372?
True
Is 10373580 a multiple of 105?
True
Is 462000 a multiple of 24?
True
Does 3 divide 27618?
True
Is 29462 a multiple of 119?
False
Does 2424 divide 2472480?
True
Is 18 a factor of 4752?
True
Is 179235 a multiple of 45?
True
Does 61 divide 82996?
False
Is 143789 a multiple of 53?
True
Is 438803 a multiple of 16?
False
Is 98045 a multiple of 90?
False
Does 71 divide 1982834?
False
Is 313 a factor of 531096?
False
Does 7 divide 5181151?
False
Is 526344 a multiple of 84?
True
Is 16097550 a multiple of 410?
False
Is 183 a factor of 1266017?
False
Does 153 divide 5174476?
False
Is 13612515 a multiple of 22?
False
Does 108 divide 685478?
False
Is 2 a factor of 24794?
True
Is 26 a factor of 117070?
False
Is 62 a factor of 828133?
False
Is 5795532 a multiple of 124?
False
Is 241754 a multiple of 339?
False
Is 640248 a multiple of 37?
True
Is 54853 a multiple of 95?
False
Is 165 a factor of 1688610?
True
Does 459 divide 267209?
False
Is 164 a factor of 532672?
True
Is 4 a factor of 2922023?
False
Is 2646270 a multiple of 15?
True
Is 59 a factor of 335946?
True
Is 7 a factor of 1901913?
False
Is 935 a factor of 31507630?
True
Is 5356 a multiple of 13?
True
Is 148486 a multiple of 13?
True
Is 2062604 a multiple of 8?
False
Is 699960 a multip